630/20)/(2 - (-11)/(-6)). Suppose 0 = -r*c + 185*c + 216. List the prime factors of c.
2, 3
Suppose -3*g = -2*p - 15, 3*p = 5*g - 10*g + 25. Suppose g*i - 4 = -4*m, -4*i + 3*m - 2 = 1. Suppose 4*b - 955 + 247 = i. List the prime factors of b.
3, 59
Let t(j) = 2*j**2 - 3. Let c be t(-3). Let p(w) = w**2 + 9*w + 26. Let o be p(-7). Let z = c - o. What are the prime factors of z?
3
Suppose 0 = 12*b - 8*b - 8. Let r(z) = -19*z + 28*z + 2*z**b - 7 + 39. What are the prime factors of r(-9)?
113
Suppose -1769890 + 191010 = -80*v. What are the prime factors of v?
2, 2467
Let s = 36 + -32. Let l be ((-2)/(-2))/((-2)/s). List the prime factors of (15/6 + l)*18.
3
Let k = -48 - -51. Let i(o) = 5 - 1 + 5*o + k. What are the prime factors of i(19)?
2, 3, 17
Let a = 62 + -45. Let c = a + -5. What are the prime factors of (-2)/(-3) + 664/c + -1?
5, 11
Let x(i) = -11*i**2 - 6*i + 3. Let q be x(2). Let p be (336/(-15))/((-4)/10). Let w = p - q. What are the prime factors of w?
109
Let t(w) = -2*w**2 + 688. Let b be t(0). Suppose 0*d + 5*d + 2*v - b = 0, 0 = 2*v + 2. List the prime factors of d.
2, 3, 23
Let c = 12886 + -5249. List the prime factors of c.
7, 1091
Let b(p) = 2*p**2 + 38*p - 42. Let i be b(-20). List the prime factors of i - -2 - (-728)/2.
2, 7, 13
Suppose -30132 = -5*t + 4*f + 33153, 0 = -t + f + 12658. What are the prime factors of t?
12653
Let s be 3/(-2)*(-40)/12. Suppose 0 = -a - 1, 12242 = -3*c - s*a + 3*a. What are the prime factors of 3 - (1/(-3) + c/18)?
2, 5, 23
Let l(p) be the first derivative of -p**4/4 - 4*p**3/3 + 25*p**2/2 - 13*p + 52. What are the prime factors of l(-9)?
167
Let u be (-36)/(-24)*32/(-18)*-6. Suppose -m - 5*n - 7 = 0, -u = -4*m + n + n. List the prime factors of (-1 - m/15)/(18/(-240)).
2
Let x(w) = 7820*w + 204. List the prime factors of x(1).
2, 17, 59
Let t = -1763 + 3769. Suppose 4*j - t + 794 = 0. List the prime factors of j.
3, 101
Let a(n) = n**3 + 10*n**2 - 2*n - 21. Let v be a(-10). List the prime factors of (v + 1 - 5)*84/(-5).
2, 3, 7
Let d be (-1016)/40 + (-8)/5. Let f = -101 - -217. Let c = d + f. List the prime factors of c.
89
Let z(c) = 2*c**2 + 13*c - 2. Let d be -14*(15/6 - 8/4). Let r be z(d). Suppose -3*m - 156 = -r*m - 2*b, 0 = -4*m + 4*b + 328. What are the prime factors of m?
2, 5
Let p(n) = 85*n**2 - n - 13. What are the prime factors of p(8)?
5419
Let v(c) be the second derivative of 31*c**3/6 + c**2/2 + 25*c - 1. Let f(d) = d + 13. Let u be f(-11). List the prime factors of v(u).
3, 7
Let c = -70 + 10. Let d = c + 149. List the prime factors of d.
89
Let a be (14 + 1802/(-119))/((-2)/7). Suppose 2*s - 1846 = -a*c, -5*c - 36 = -21. What are the prime factors of s?
929
What are the prime factors of (-80963)/(-2) - (420/(-24) - -17)?
2, 3, 13, 173
Let a = -16613 + 27292. List the prime factors of a.
59, 181
Let j be (-2)/(-9) + (-86)/(-18). Suppose 105 + 15 = 24*c. Suppose c*f - 2*p = 609, 0*f + 595 = 5*f + j*p. What are the prime factors of f?
11
Suppose -2 = 16*b - 2. Suppose -4*z + 6*z + o - 488 = b, 5*z + 2*o = 1220. What are the prime factors of z?
2, 61
What are the prime factors of (-28)/((-392)/576758)*2?
2, 13, 3169
Let t = -269 + 5. Let a = 763 + t. List the prime factors of a.
499
Suppose o = -3*t + 176268, -1155*t = -1159*t + 5*o + 235062. List the prime factors of t.
2, 3, 7, 1399
Let n(c) = 3*c**2 + 12*c + 86. Let f be n(-7). Suppose 3*k = f + 1186. What are the prime factors of k?
5, 89
What are the prime factors of (163660/18 - (-46)/(-207)) + -5?
3, 13, 233
Let x(d) = -2637*d - 462. What are the prime factors of x(-3)?
3, 13, 191
Suppose -6*a + 25*a = -8*a + 505602. List the prime factors of a.
2, 3, 3121
Let j be 1/(0 - -2)*-10. Let k(w) = -6*w**3 - 7*w**2 - 4*w + 6. List the prime factors of k(j).
601
Suppose -6 = -5*m + 9. Let o be ((3 + -2)*0)/(1 - m). Suppose 3*w + 4 - 13 = o, 0 = -k + w + 137. What are the prime factors of k?
2, 5, 7
Let l(c) = 48*c - 57. Let j be (-2)/((-8)/6*18/996). Let m = j - 76. What are the prime factors of l(m)?
3, 31
Let i(y) be the third derivative of -5*y**4/12 - 43*y**3/6 - 126*y**2. List the prime factors of i(-27).
227
Suppose 0 = 26*y - 154246 - 102348. List the prime factors of y.
71, 139
Let w(j) = 4*j**3 - 3*j**2 + 17*j - 6. Let n = 621 - 616. List the prime factors of w(n).
2, 3, 7
Let b be (-2*(-44)/(-12))/(1/9). List the prime factors of (-6216)/b - 4/22.
2, 47
Let h(i) = 2*i + 51. Let b be h(-23). Suppose -4*l + b*u + 228 = 2*u, -4*l + 236 = -5*u. What are the prime factors of l?
2, 3
Let q be (235 - 234)/(2/38). Let x(a) = 3*a - 3. Let p be x(6). Suppose u - q = p. List the prime factors of u.
2, 17
Suppose n + 4*c = 17, 0 = 13*n - 8*n + c - 161. Suppose n*g - 50*g + 25262 = 0. What are the prime factors of g?
2, 743
Let m = -142 - -97. List the prime factors of 379/((-39)/(-45) + (-6)/m).
379
Let m = -69 - -185. Let d = m + 28. Suppose d = 7*c - 255. What are the prime factors of c?
3, 19
What are the prime factors of (3 - 181545/10)*11/66*-4?
12101
Let b be 1 - (1 - (2/1 - -914)). Let j = b - 598. What are the prime factors of j?
2, 3, 53
Suppose 3*a + 2 = -4*i + 5*i, 3*i = -a + 36. Suppose 6*d = -i + 41. Suppose -d*j + 67 + 103 = 0. What are the prime factors of j?
2, 17
Let j(b) = b**3 + 2*b + 17. Let c(i) = i**2 - 8 - 13*i - 11*i + 26*i. Let d be c(-4). List the prime factors of j(d).
17
Let m(j) = 218*j**3 - j**2 - j - 4. Let g(y) = -435*y**3 + 2*y**2 + y + 9. Let q = 58 + -60. Let c(t) = q*g(t) - 5*m(t). What are the prime factors of c(-1)?
2, 5, 11
List the prime factors of ((-47)/15 - 6/(-18))*103550/(-19).
2, 5, 7, 109
Let g(f) = 3*f**3 - 2*f**2 - 69*f - 16. List the prime factors of g(13).
2, 3, 5, 89
Let d = -379 + 113. Let u = -164 - d. List the prime factors of u.
2, 3, 17
Let v(q) = 26*q**2 + 1299*q - 234. List the prime factors of v(-73).
23, 31, 61
Suppose 3*v - 3 = 0, 2*v = 5*w + 5*v - 3503. Suppose -w = -10*z + 5*z. Suppose 4*n = -l + z, 0 = -2*l - 2 + 10. What are the prime factors of n?
2, 17
Suppose 4*g + 121 = 3*c, 6*g - 2*g + 191 = 5*c. Suppose -19*o - c = -12*o. What are the prime factors of (48/o)/((-2)/(-75)*-3)?
2, 3, 5
Let w(v) = -74*v + 4. Let d be w(-8). Let o = -13 + d. List the prime factors of o.
11, 53
Let y be 10 + -5340 - 3/(6/(-4)). What are the prime factors of 1*3 + (-7)/(63/y)?
5, 7, 17
Let v(d) = -d**3 - 12*d**2 - 210*d - 671. What are the prime factors of v(-35)?
2, 3, 37, 157
Suppose 4*j = 20*j - 55344. List the prime factors of j.
3, 1153
Let k(h) be the third derivative of h**2 - 1/24*h**4 + 1/30*h**5 + 0*h - 11/6*h**3 + 0. List the prime factors of k(-7).
2, 47
Let q = 389 + 299. Suppose 0 = 5*b - 2*i - 853, -6*i + 2*i + q = 4*b. List the prime factors of b.
3, 19
Let y be (-10)/(-4)*(-560)/175. List the prime factors of 112/42*(-978)/y.
2, 163
Suppose 3*f + 1366 - 15543 = a, 0 = 2*f - 5*a - 9460. Suppose b + 3763 = 4*h, -31*h + 3*b = -36*h + f. List the prime factors of h.
2, 3, 157
Suppose 9*j + 10 = 14*j. Suppose l = -2*i + i + 81, -72 = -l + j*i. What are the prime factors of l?
2, 3, 13
Let a(l) = l**2 - l - 1. Let p(u) = 4*u**2 + 3*u - 10. Let c(z) = -3*a(z) + p(z). Let x be c(-7). What are the prime factors of (8 + x/2)/((-12)/(-408))?
2, 17
Suppose -40 = -6*f - 154. Let h = -19 - f. Suppose h = -8*y + 180 + 84. What are the prime factors of y?
3, 11
Let a = 76 - 78. What are the prime factors of a/(-11)*-1 + (-9600)/(-44)?
2, 109
Let y = -24 - -28. Suppose -4*r = y*w + r - 1785, -4*w + 3*r + 1809 = 0. What are the prime factors of w?
2, 3, 5
List the prime factors of (-413 - -418)/(10/4152).
2, 3, 173
Let q = -264 + 709. Suppose x + 5*w - q = 3*w, 3*w + 435 = x. List the prime factors of x.
3, 7
Let c = 5702 - -4032. List the prime factors of c.
2, 31, 157
Suppose 0 = -4*i - 3*x - 0*x + 25455, -3*x - 6345 = -i. What are the prime factors of i?
2, 3, 5, 53
Let j be 8 + (0 - 3) - 1. Suppose -1380 = -j*t + 4*n, 2*n - 2148 + 786 = -4*t. List the prime factors of t.
2, 3, 19
Let n be -3*(-6)/9 + 1202. Suppose 5*k = -3*z - 920, 3*z + z + k + n = 0. Let l = z + 493. List the prime factors of l.
193
Let z be (-2)/(4*(-1)/6). Suppose -z*f + 7*q = 5*q - 625, 3*q - 408 = -2*f. List the prime factors of f.
3, 23
Let f(x) = x**2 - 8*x - 38. Let j be f(-4). Suppose -5*l - j*g + 3219 = 